ppose x - 2414 + 519 = 4*l, -4*l - 5669 = -3*x. Calculate the greatest common divisor of 51 and x.
51
Let k be (-120)/((-13 + 8)*3/(-15)*-2). What is the highest common divisor of 8340 and k?
60
Let z(l) = l**2 + 18*l - 145. Let u be z(11). Let r = -168 + u. What is the highest common factor of 39 and r?
3
Let x = 11171 - 8621. Calculate the highest common factor of x and 1938.
102
Suppose -u - 4*c + 5*c + 4 = 0, -u + 5*c = 8. What is the greatest common factor of u and 7?
7
Let y be (-45)/(-12) + (-17)/(-68). Suppose 5*s + l - 2445 = -4*l, -5*s - y*l = -2450. What is the highest common factor of 19 and s?
19
Suppose -3*v + 2 + 7 = 0. Let p be (3 - v)*-1 + -16. Let i = 10 - p. Calculate the highest common divisor of 65 and i.
13
Let d be 8/(-44) + (-33576)/(-22) + -7. Calculate the greatest common factor of d and 49.
49
Let h be (72/(-20))/((-51)/340). Let i be (33/(-9))/((-8)/h). Calculate the greatest common factor of 11 and i.
11
Let p = -273 + 278. Suppose z - 4 - 14 = -2*x, p*x = 15. Calculate the greatest common factor of z and 88.
4
Let x = -52 - -117. Let d = x + -30. Calculate the highest common factor of 7 and d.
7
Let h(p) = 194*p**3 + p**2 + 7*p - 10. Let x be h(2). Let m = 2198 - x. What is the highest common factor of m and 22?
22
Let m be -8 + (11 - 7) + 2632. Calculate the greatest common factor of 54 and m.
18
Suppose -2*b + 11 = 39. Let l be 2/(-3) + b/42. Let m be l + 2 + 21/9*3. Calculate the highest common factor of 96 and m.
8
Let r be (104/27)/2 + 4*(-20)/(-1080). What is the highest common divisor of 334 and r?
2
Let p(b) = -16*b + 780. Let j be p(34). Calculate the highest common divisor of j and 1829.
59
Let m be 9/2*(-102)/(-9). Suppose -35*p = 359*p - 13622 + 226. Calculate the highest common factor of p and m.
17
Let f(n) = 98*n + 68*n + 5 - 115*n. Let r be f(1). What is the highest common factor of r and 168?
56
Suppose -t = -5*c + 4*t + 80, 2*t = 2. Let i = -2377 - -2394. What is the greatest common factor of c and i?
17
Suppose 5*l + 6*u + 120 = u, 0 = -5*l + 2*u - 92. Let v be (-147)/(-5) + 28/l + 2. Calculate the highest common divisor of 130 and v.
10
Suppose 106 + 99 = 41*z. Suppose 5*a + p = 0, -4 = a + z*p + 20. What is the greatest common factor of a and 37?
1
Let m = 397 - 387. Suppose 26*t = m*t + 1056. Calculate the greatest common factor of t and 55.
11
Let m(g) = 121*g - 807. Let p be m(7). Calculate the greatest common divisor of 70 and p.
10
Let y(z) = 2*z - 24. Let k be y(14). Suppose -4*h + 572 = -k*c, 5*c = 9*h - 13*h + 590. Calculate the highest common factor of 5 and h.
5
Suppose 0 = 2*b - 60 + 52, 4*k = 5*b + 2236. Calculate the highest common factor of 2115 and k.
141
Suppose -3 = -4*u - 15. Let h = u + 23. Let l(i) = i**2 - 10*i + 2. Let d be l(10). What is the highest common divisor of d and h?
2
Let m = -418 + 430. Suppose 0 = -0*l + 6*l - 1044. Suppose 2*o - 3*r - 78 = 0, -3*o - 3*r = 2*o - l. What is the highest common factor of m and o?
12
Let p(h) = -h**3 - 45*h**2 + 47*h + 55. Let k be p(-46). Calculate the greatest common divisor of k and 73.
1
Let i = 396 + -398. Let l be (1/((-5)/(-5)))/(i/(-266)). What is the highest common divisor of 38 and l?
19
Let j(q) = -8*q**3 - 142*q**2 - 36*q + 72. Let s be j(-20). Calculate the highest common divisor of 16 and s.
8
Suppose -64988 = -2*p + 6*a, 4*p - 147130 = a - 17198. What is the highest common divisor of 149 and p?
149
Let m be (-1)/(-3 + 1272/426). Suppose 3*f + 2*v - 72 = 0, -2*f = 2*v + 23 - m. What is the highest common divisor of 120 and f?
24
Let t = 74 - 70. Let p be -4 - (t + -35 + (-9)/(-3)). What is the highest common divisor of p and 24?
24
Suppose -59*g - 21594 + 111628 = 0. Calculate the highest common factor of g and 28.
14
Let n(l) = l**3 - 21*l**2 + 23*l - 13. Let s be n(15). Let z = -62 + s. Let f be z/(-110) + 4/22. Calculate the greatest common divisor of f and 110.
10
Let n be (-422)/4*(-3 - (-3 - -2)). Let o = n + -167. What is the highest common divisor of o and 44?
44
Let r be (-2600)/30 + (8/(-12))/2. Let t = -96 - -24. Let m = t - r. Calculate the highest common divisor of 165 and m.
15
Let r = 2812 + 730. Calculate the greatest common divisor of 231 and r.
77
Let u = -6007 - -6475. What is the greatest common divisor of u and 204?
12
Suppose -192*s - 2214 = -189*s. Let w be (0 + 2)/(-2)*(s - -25). Calculate the highest common factor of w and 31.
31
Let w be (16576/(-5))/(-9*12/540). What is the highest common divisor of 37 and w?
37
Let q(z) = -3*z**2 + 146*z - 269. Let b be q(46). Calculate the highest common factor of 180 and b.
9
Let c = -101 + 155. Let d = 280 + -257. Suppose -35*j - 4*m = -36*j + d, 4*m = 4. What is the highest common factor of c and j?
27
Let n be 39/3 + 0/1. Suppose n = -3*z + 61. Suppose -10*h + z*h = 84. What is the greatest common factor of 14 and h?
14
Let g be 12/(-10)*(-2150)/258. What is the greatest common factor of g and 1510?
10
Suppose 0 = -2*z - 2*t + 72, -3*z = 4*t - 6*t - 93. Let l be 6 - (6 - 3)*1. What is the highest common divisor of l and z?
3
Suppose -q + 38 = -4*g, 20*q + g = 16*q + 84. Calculate the greatest common divisor of 14 and q.
2
Let o(k) = 4*k**2 - 78*k - 357. Let l be o(-6). What is the highest common factor of l and 153?
51
Let q(a) = -a**3 - 48*a**2 + 40*a + 72. Let w be q(-49). Let o be (1 - -1) + (-4 - -40). What is the highest common divisor of w and o?
19
Suppose 32*c - 23 = 380 + 2541. Calculate the greatest common factor of c and 437.
23
Suppose 3 = -3*a, -3*i = -9*a + 7*a - 29. Let j be (15/i)/((-13811)/1974 + 7). What is the greatest common divisor of 10 and j?
10
Let h be ((-488)/(-3))/((-30)/(-135)). Suppose 2*x = h - 82. Let m = x + -190. Calculate the greatest common factor of m and 27.
27
Let f(o) = 15*o + 1. Let s be f(1). Let d be -1 + s*1 + -2. Suppose 234 = -205009*r + 205015*r. Calculate the highest common divisor of r and d.
13
Let d be 133/(-1330) - (-771)/10. Let y be ((-9)/3 + -11)/(-1). Calculate the greatest common factor of y and d.
7
Let a be (0 - (-16)/2)/(3/9). Calculate the greatest common divisor of a and 21.
3
Suppose -4*g + 2*m + 12 = 0, 7*g = 6*g + m + 4. Suppose -5*b = -4*s + 91, g*b + 1 = 3. Let v = -26 - -38. Calculate the greatest common factor of s and v.
12
Suppose -2584 = -c - 4*f, 133*c - 2*f = 129*c + 10444. Calculate the greatest common factor of 128 and c.
16
Suppose -418 = 2*a + 4*h, 0 = a - 6*a + h - 1056. Let n = -162 - a. What is the greatest common factor of n and 7?
7
Let d = 49 - 45. Suppose 0 = -g - g + d. Let i be 25 + (g/3)/(8/24). Calculate the highest common divisor of 81 and i.
27
Let l = -945 - -1127. What is the highest common divisor of 686 and l?
14
Let x = 549 - 534. Let r(g) = 4*g**2 - 57*g - 1. Let a be r(x). Calculate the greatest common factor of a and 682.
22
Let q = 13609 - 13606. Calculate the greatest common factor of 2778 and q.
3
Let g be 30/18*126/30 - -3908. Calculate the greatest common divisor of g and 540.
135
Let w(v) = 3*v + 126. Let s be w(28). What is the greatest common divisor of 14 and s?
14
Let i be ((-1)/(-3))/(660/(-225) - -3). What is the greatest common factor of 1805 and i?
5
Suppose -5*y = -2*g - 1577, 4*g + 319 = 2*y - y. Suppose -14*z + 318 - 93 = -755. Calculate the highest common divisor of y and z.
35
Suppose 0 = -o + 5*a - 19, -a + 5 = 2*o - o. Suppose o - 2 = w. Let c(q) = 17*q**2 + 3*q + 2. Let m be c(w). What is the highest common factor of m and 8?
8
Let k be ((1 - 0) + 126)/(-20 - -21). Suppose 2*l - 46 = 4*i, -5*l + 2*i + 2*i = -k. Calculate the highest common factor of l and 432.
27
Let k be (1/3)/((-5)/30). Let g be (36 - k) + 6 + -4. Suppose 2*v = 7*v - g. What is the greatest common divisor of 64 and v?
8
Let m(k) = k**2 + 24*k + 45373. Let c be m(0). What is the greatest common factor of 157 and c?
157
Let h = 259 - 149. Let y = 4 - -40. What is the greatest common factor of h and y?
22
Suppose -14*l = -12*l - 4. Suppose -c + l = -9. Let i = -170 + 269. What is the greatest common factor of i and c?
11
Suppose 16*k = -3469 + 5277. Calculate the highest common divisor of 339 and k.
113
Let b(l) = 47*l**2 - 7*l + 8. Let x be b(1). Suppose -v = -4*d - x, 4*d = d + 9. Calculate the highest common divisor of 80 and v.
20
Let h = -462 + 416. Let i(t